122 = -8. What is the highest common divisor of h and c?
19
Let n(d) = 2*d + 1. Let r be n(0). Let h be (65/10)/(r/10). What is the highest common factor of h and 5?
5
Let k = 586 - 567. What is the greatest common factor of k and 361?
19
Suppose -36 = 7*y - 5*y. Let v be (0 + 1)/((-9)/y). Suppose -3*w = -2*g - w + 288, v*g - 289 = 3*w. What is the highest common divisor of g and 13?
13
Let u(k) = -k**2 + 7*k - 11. Let q be u(7). Let m = q + 55. Let l be 1 - (-1 - (3 + 6)). Calculate the greatest common divisor of m and l.
11
Let j(g) = g**3 + 17*g**2 + 14*g + 112. Let v be j(-16). Calculate the greatest common factor of v and 45.
9
Suppose a + 3*a = d - 431, -4*a - 8 = 0. Suppose 5*k - 422 = -2*o, -d = -5*k + 3*o - 6*o. Calculate the highest common divisor of k and 21.
21
Let w be ((-6)/(-8))/((-4)/(-16)). Suppose -8*c + 5136 = 4944. What is the greatest common divisor of w and c?
3
Let t = -57 - -59. Let y be 2/(-6) + t + 1/3. What is the highest common divisor of 22 and y?
2
Suppose -2*i + 15 = -49. Let m = i + -28. Suppose 0 = -4*t - m, 0 = -5*q - 3*t + 241 + 71. What is the highest common factor of 7 and q?
7
Let h(d) = 9*d + 1. Let j be h(1). Suppose 0 = -2*l - 3*c + 178, 13*l - 11*l - 2*c = 148. What is the greatest common divisor of l and j?
10
Let w(u) = -u + 15. Let v be w(14). Calculate the greatest common divisor of 2 and v.
1
Let b be 2/1*(-1 - (-13)/2). What is the highest common divisor of 33 and b?
11
Let n be (-1860)/(-9)*(-198)/(-110). Calculate the highest common divisor of n and 96.
12
Let u(i) = -i**3 - 5*i**2 - 3*i + 6. Let t be u(-4). Suppose 133 = t*r - 123. Calculate the highest common factor of r and 8.
8
Let y = 1457 - 1429. Suppose 5*c = c + 280. Calculate the highest common divisor of c and y.
14
Let b = 152 - 136. What is the highest common divisor of b and 272?
16
Suppose 4*b + 0*o - 2068 = -o, -3*o + 2578 = 5*b. Let f = 725 - b. Calculate the greatest common factor of 23 and f.
23
Suppose -z + 2*z = 48. Suppose 0 = 6*w - 2*w - z. Calculate the highest common factor of 96 and w.
12
Suppose 0 = -6*a + 5*a - 6. Let v be (-6)/(2/(8/a)). What is the greatest common factor of 4 and v?
4
Suppose 67*v - 17493 = 10915. Calculate the greatest common divisor of 32 and v.
8
Let k(t) = -3*t**3 + 5*t**2 + 4*t - 8. Let v be k(-2). What is the greatest common factor of v and 63?
7
Let j = -173 - -212. Calculate the highest common factor of 1053 and j.
39
Suppose -8*n - 283 + 339 = 0. Suppose 5*h - 20 = 0, v + 10 = h + h. Let f be v/((-1)/(126/4)). Calculate the greatest common divisor of n and f.
7
Let c = 950 - 550. What is the highest common divisor of c and 80?
80
Let b be (-4497)/(-12) + (-12)/(-48). Calculate the greatest common factor of b and 15.
15
Let r(f) = -2*f**2 - 7*f + 7. Let x be r(-4). Suppose x*m - 42 = -3*m. What is the greatest common factor of m and 49?
7
Let j(u) = u**3 - 4*u**2 - 14*u + 11. Let o be j(6). Let r be o/8 + 7290/80. Calculate the highest common divisor of r and 13.
13
Suppose -4*j = 27 + 61. Let b be (j/(-4))/((-2)/(-4)). Suppose 176 = b*i - 7*i. What is the greatest common factor of i and 66?
22
Let m = -103 + 208. Let f be 8/(-14) - (-375)/m. Let a be (-21)/f*264/(-7). What is the greatest common divisor of a and 33?
33
Suppose 0 = -5*v + 5*j + 200, v - 6*j - 48 = -3*j. What is the highest common divisor of 90 and v?
18
Suppose -5*v = 2*s - 4, 4*v - 2 + 18 = 0. What is the highest common divisor of s and 48?
12
Let t = -122 - -128. Suppose 2*s - 4 = -h, 0*h = -3*h - 6. Calculate the greatest common divisor of t and s.
3
Suppose -3*w + 12 = -5*x, -3*w + 2*x = -0*w - 12. Suppose 4*q - 14 = -3*c, 5*c - c - 2*q = w. Calculate the greatest common factor of c and 4.
2
Let h be 18/6 + (-2 - -6). Let j(d) = 5 + 21*d - h*d**2 + 7*d**2 + 2*d**2. Let b be j(-11). Calculate the greatest common factor of 40 and b.
8
Let z be 1/(-17) - (-192807)/459. Calculate the greatest common divisor of z and 168.
84
Suppose 3*w + 57 = -4*p, -81 = 5*w + 5*p - 3*p. Let h = w + 23. Calculate the highest common factor of 8 and h.
8
Let a(c) = 4*c**2 + 46*c + 225. Let g be a(-5). Suppose 0*m + 4*m - 76 = 0. What is the greatest common divisor of m and g?
19
Let s(o) = -o**3 + 9*o**2 - 8*o + 6. Suppose -27 = 16*u - 17*u. Let p = u - 19. Let n be s(p). Calculate the highest common divisor of 18 and n.
6
Suppose 0*m + 70 = 2*m. Let j = 30 - 33. Let w be 1 + (-2 - -33*1 - j). Calculate the highest common factor of w and m.
35
Suppose -b + 24 = -161. Calculate the highest common divisor of b and 74.
37
Let d be (-2 + 5)*16/24. Calculate the greatest common factor of d and 46.
2
Let k = -11 - -14. Suppose 3*y - y - c = 28, -y + k*c + 19 = 0. Suppose 3*j + 0*j - 273 = 0. Calculate the highest common factor of j and y.
13
Let l be (-52)/(-14) + 6/21. Let o be 10*2/l - 1. Let s = o - 2. Calculate the greatest common factor of s and 22.
2
Let i(a) = 9*a**2 - a - 2. Let z be i(-2). Suppose 3*o + z = 7*o. Suppose 2*s - o = 11. Calculate the greatest common divisor of 110 and s.
10
Suppose 9*c + 13*c = 6050. Suppose 3*d - 2*d + 510 = -4*t, -4*t - 512 = 2*d. Let p be t/(-5) - (-4)/(-10). Calculate the highest common factor of c and p.
25
Let k(c) = c**3 + 9*c**2 + 12*c + 22. Let j be k(-7). What is the greatest common factor of 63 and j?
9
Let j be (-2 - -283) + (28 - 36). Calculate the greatest common factor of 52 and j.
13
Suppose 7*k = 2*k + 130. Let b = 30 - k. Suppose -3*t - b*j = -76, -4*t + 165 = t - j. Calculate the highest common divisor of 160 and t.
32
Let y = -107 + 128. Let b = -118 + 230. Let p be (-30)/4*b/(-10). What is the greatest common divisor of y and p?
21
Suppose 0 = -4*t - 4*s + 40, 4*t + 22*s - 55 = 21*s. Calculate the greatest common factor of t and 165.
15
Suppose 2*g + 0*l + 4*l = 24, -4*l - 88 = -5*g. Suppose s + 80 = 6*s. What is the highest common divisor of s and g?
16
Let l = -6 + 8. Suppose 0 = -l*u - 29 + 73. Suppose -7*b = -424 - 346. What is the greatest common factor of u and b?
22
Suppose -9 = -52*c + 51*c. Suppose -1 + c = -2*z + 4*u, 3*z - u - 13 = 0. Calculate the greatest common factor of 48 and z.
6
Let b be (-2 + 125 + 1)/(38/76). Calculate the greatest common divisor of b and 32.
8
Suppose 6*f - 24 = 2*f. Suppose -f*j + j + 100 = 0. Suppose -67*b - 31877 = -45277. Calculate the highest common factor of j and b.
20
Let m be ((-84)/(-10))/(((-104)/20)/(-13)). Suppose -x = 2*v - 2 + 3, -x - 5 = 4*v. Calculate the highest common factor of m and x.
3
Suppose -5*s = 2*p - 0*p - 14, 2*p - 2 = -2*s. Let z be 207/(-3)*s/(-3). Let g = 28 - 5. Calculate the greatest common divisor of z and g.
23
Let q(g) be the second derivative of 89*g**5/5 - 4*g. Let d be q(-1). Let h be 18/(-42) - d/14. What is the greatest common factor of 175 and h?
25
Suppose -5*o - 4*x = -126, 0 = -3*o - 7*x + 3*x + 74. Let t = -68 - -81. What is the greatest common factor of o and t?
13
Let n = -350 - -391. What is the greatest common factor of n and 656?
41
Let i(s) = -7*s + 339. Let m be i(47). What is the highest common divisor of m and 66?
2
Let c be 3 + -2 - (-3 + 0). Suppose 28 + 16 = c*u. Let p(i) = i**3 - 2*i + 11. Let s be p(0). Calculate the highest common divisor of s and u.
11
Let n = 12 + 6. Let w be 1*8 - 0 - -2. Let d = n - w. What is the highest common divisor of 2 and d?
2
Let y(g) = 13*g**2 - 4*g - 8. Let i be y(5). Calculate the highest common divisor of 27 and i.
27
Suppose 5*w + 5*n - 344 = -4, 0 = 3*w - 3*n - 192. Suppose -4*v + z - 4*z + 103 = 0, -z + 49 = 2*v. What is the highest common factor of w and v?
22
Let u(n) = n**2 + 2*n - 13. Let z be (6/((-72)/21))/((-1)/4). Let i be u(z). Suppose 4*v - 13 = 27. Calculate the highest common factor of v and i.
10
Suppose 0 = 3*k - 8*k + 990. Let q = k + -141. Suppose 15 = 4*y - q. Calculate the greatest common divisor of 2 and y.
2
Let w(f) = -f**2 - 19*f + 69. Let s be w(-22). Calculate the greatest common divisor of s and 96.
3
Let z be 9 + 2 - (-3 + 3 + 3). Suppose 0 = -z*b + 155 + 197. What is the greatest common divisor of 220 and b?
44
Let i = -235 + 405. Let m = -53 + 87. What is the greatest common factor of m and i?
34
Suppose -d - 2*d - 15 = -3*b, -2*d = 5*b - 4. Suppose -r - 3*c + 42 = 0, 4*r - 83 = b*r - 5*c. Calculate the highest common facto